 be 4/(1 + 1) + 5. Calculate the greatest common divisor of i and x.
7
Let n(b) = -b**2 - 11*b - 6. Let l be n(-3). Calculate the highest common divisor of l and 288.
18
Let i = 885 + -837. Let b be 50 - (3/(-3) - -3). Calculate the greatest common factor of i and b.
48
Let z(g) = -g**3 - 3*g**2 + 3*g + 6. Suppose x + 3*b + 25 = -3*x, -b - 3 = 0. Let f be z(x). Let o = 14 - 4. What is the greatest common divisor of o and f?
10
Suppose -78*r + 82*r - 124 = 0. What is the greatest common factor of 682 and r?
31
Let o be -1 - 1 - (2 - 58). Suppose -2*b + 0*b = o. Let x = b + 42. Calculate the greatest common factor of x and 75.
15
Let f(o) = 13*o**3 - 2*o**2 + 3*o - 1. Let m be f(1). Let x = 24 - m. Calculate the greatest common divisor of x and 143.
11
Let n(s) = 3*s**3 - 30*s**2 - 2*s + 15. Let a be n(11). Calculate the highest common factor of 89 and a.
89
Let j(o) = o**3 - 6*o**2 - 7. Let c be j(7). Let g be (8 + -2)*c/4. Let m(k) = 6*k + 73. Let v be m(-11). Calculate the highest common divisor of g and v.
7
Suppose -5*r - 4*f - 106 = 0, 0 = f + 3*f - 4. Let k = 23 + r. Calculate the greatest common divisor of 11 and k.
1
Suppose -205*u = -211*u + 5412. What is the greatest common factor of u and 22?
22
Let b be 3/(968/96 - 10). Let k(x) = x**3 - 7*x**2 + 9*x. Let r be k(6). What is the greatest common factor of r and b?
18
Let q(h) = 5*h - 21. Let y be q(5). Suppose 0 = -5*a - y*f + 166, -5*f + f = 3*a - 106. What is the greatest common divisor of a and 10?
10
Let i = -28 + 28. Let n(t) = -t**2 + 2*t + 7. Let f be n(i). Suppose -b + 39 = -5*h + 8, h = 2*b - 107. What is the greatest common factor of f and b?
7
Suppose 0 = 27*z - 32*z - 50. Let f = z - -26. Calculate the greatest common factor of 16 and f.
16
Let a(f) = f**3 + 25*f**2 + 56. Let k be a(-25). Calculate the greatest common factor of 14 and k.
14
Suppose 2*p - 18 = -2. Let r be (0 + -8)*(-4 + 3). Calculate the highest common factor of r and p.
8
Let t be (-15)/(-20) + (-1251)/(-12). Suppose 8*v - t = v. Calculate the highest common divisor of 3 and v.
3
Suppose 3*z + z = 8. Let m be (-5*3/(-45))/(3/45). Calculate the greatest common divisor of z and m.
1
Let c(o) = 3*o**2 - 54*o + 110. Let y be c(16). What is the greatest common factor of 91 and y?
7
Let t = -23 - -45. Suppose t = p - 14. Calculate the highest common factor of 24 and p.
12
Suppose 12 = -7*y + 3*y. Let s be 25 - 9 - 0/y. What is the highest common divisor of 2 and s?
2
Let c = -99 + -22. Let s = c + 149. Calculate the highest common factor of 126 and s.
14
Let n be 3/(-2) - (-4)/(88/1309). What is the highest common factor of 1682 and n?
58
Let y = 397 - 191. Suppose -4*u - 2*l = -l - y, -2*u + 108 = -2*l. Calculate the greatest common divisor of 130 and u.
26
Suppose 2*v - 162 - 80 = 0. Suppose 2 = -o + 6. Let c be ((-14)/o + 3)*-22. What is the highest common factor of c and v?
11
Suppose -3*p = -305 - 25. Let z be 3/(2 - 1) + 0. Let l(y) = 3*y + 1. Let d be l(z). What is the greatest common divisor of p and d?
10
Let w be 20/2*(-624)/(-260). Suppose -4*x = -7*x + 18. What is the greatest common divisor of x and w?
6
Suppose 0 = -4*i - 4*n + 8, 4*i + 0*n - 18 = n. Let r be 4*i/(-8) - 0 - -13. Calculate the highest common divisor of r and 99.
11
Let d be 17367/56*2 - (-9)/12. Calculate the highest common divisor of 69 and d.
69
Let v(s) be the second derivative of -5*s**2 - 11/12*s**4 - 3*s - 1/20*s**5 + 0 - 2*s**3. Let z be v(-10). Calculate the highest common divisor of 25 and z.
5
Let n be (-12 - -157)*(-4 - -9). What is the greatest common divisor of 25 and n?
25
Suppose -170 = 5*l - 5*h + 15, 0 = -3*l - h - 107. Suppose 0*s - 4*s = 24. Let b be (-654)/l + 1/s. Calculate the highest common factor of 27 and b.
9
Suppose -2*g + 6*g - 54 = -2*x, 0 = -5*x + 5. Suppose 8*u - 3*u + 3*j - 461 = 0, 5*j = -3*u + 283. Calculate the greatest common divisor of u and g.
13
Let c = 205 + -109. Let k be 2/6 - c/(-9). What is the greatest common factor of 99 and k?
11
Let k(x) = 23*x + 93 - 66 + x**2 + 43. Let u be k(-20). Calculate the highest common factor of 70 and u.
10
Suppose 0 = 2*k - 26*k + 21240. Calculate the highest common factor of k and 15.
15
Suppose b + 12 = -3*b. Let x be (-266)/b + (-28)/(-21). What is the greatest common factor of x and 18?
18
Let t(x) = -x + 4. Let y be t(0). Let h be 3 - 34*-1*3/6. What is the greatest common factor of y and h?
4
Let q = 1079 - 994. What is the greatest common factor of q and 2465?
85
Let a = -45 - -26. Let r be 3*(1 - 1 - 3). Let c = r - a. What is the highest common factor of 110 and c?
10
Let a be 2*3/(-12) + 1/2. Suppose -6*h = -36 - a. Suppose 2 = l - 0. Calculate the highest common divisor of h and l.
2
Let q = 167 - 157. Let j be (14/(-4))/((-5)/q). Let c = -2 + 3. Calculate the greatest common factor of c and j.
1
Let v(m) = 7*m - 10. Let l(w) = -15*w + 19. Let h(i) = 6*l(i) + 14*v(i). Let o be h(5). What is the highest common divisor of 2 and o?
2
Let c be (-3)/((-3)/9 - 0). Let g be c/(-36) + 449/4. Calculate the highest common factor of 14 and g.
14
Let r = -650 - -662. What is the highest common factor of r and 384?
12
Let p(r) = -3*r**3 - 5*r**2 - 3*r + 9. Let s be p(-4). What is the greatest common divisor of 190 and s?
19
Let h be ((-85)/10)/(2/(-24)). What is the greatest common divisor of 136 and h?
34
Let t(s) = 3*s - 10. Let j be t(6). Suppose j*n - 75 = 5*n. What is the greatest common divisor of 5 and n?
5
Suppose 0 = -4*a + a + 90. Let z(t) = -9*t + 6. Let k be z(0). Calculate the greatest common divisor of k and a.
6
Suppose 0 = 4*v - 216 - 224. Let q be (-8)/3*3/24*18. Let z be (q/4)/((-3)/v). Calculate the greatest common divisor of z and 22.
11
Suppose 9*d - 2*b = 4*d + 5248, -2*d - 2*b + 2102 = 0. Calculate the greatest common factor of 105 and d.
105
Suppose 3*l = -o - 4, 4*l - 15 + 3 = 3*o. Suppose p = -l*p. Suppose p*k = k - 80. Calculate the greatest common factor of 8 and k.
8
Let d(l) = 4*l - 2. Let u be d(2). Suppose -u*w + 60 = -w. Suppose 2*v = w + 8. Calculate the highest common divisor of 50 and v.
10
Let t = -1 + 10. Let g be ((-75)/(-10))/(-5)*(-6)/t. What is the greatest common divisor of g and 19?
1
Let y(k) = 7*k**2 - 39*k + 41. Let r(s) = -3*s**2 + 19*s - 20. Let p(c) = -5*r(c) - 2*y(c). Let t be p(18). What is the highest common factor of 12 and t?
12
Let k be (-1)/(-2) + -1 + 422/4. Calculate the greatest common factor of 245 and k.
35
Let w(c) = c**2 - 2*c - 5. Let y be w(0). Let n(u) = -4*u**2 - 5*u - 1. Let r be n(y). Let g = -46 - r. Calculate the highest common divisor of g and 15.
15
Let o be (1/(-2) - 0)*184/(-46). Suppose -o*h = -3*v + 14 + 52, 0 = 3*v + 2*h - 54. What is the greatest common factor of v and 100?
20
Let t be (-5 - (-1 - -1))/((-11)/297). What is the highest common factor of 459 and t?
27
Suppose 2*t - t - 4 = 0. Suppose 4*k = t*g + 3*k - 15, -g + 20 = 3*k. Suppose 2*s = 7*s + g*c - 50, 5*c = -10. What is the highest common divisor of 12 and s?
12
Let g(a) = -a**3 + 4*a**2 + 35*a + 20. Let f be g(9). Let l = f - -118. Let m = 8 + 4. Calculate the greatest common factor of m and l.
12
Let j be (-3)/(-5) + 12/30. Suppose 3*v = 5*r - 2*r + 3, v + j = 3*r. What is the highest common divisor of 1 and v?
1
Let b be (-12)/(-4) - (-3 - -2). Let h(l) = 2*l**2 - 4*l - 5. Let w be h(b). What is the greatest common divisor of 11 and w?
11
Let d be -3*8/(-2 - -1). Suppose 911 = -6*p + 1127. Calculate the highest common factor of d and p.
12
Suppose 0*h - 2*h = -486. Calculate the highest common factor of 27 and h.
27
Let s = -104 + 180. Let w be 195 + (-20)/(-4)*-1. Suppose 11*t - t = w. What is the highest common factor of t and s?
19
Suppose -4*o = y + o - 48, 0 = 4*y - 5*o - 117. Let h = 50 + -46. Suppose -5*d + h = -11. Calculate the greatest common divisor of y and d.
3
Let u be (1/(11/(-1089)))/(-1). What is the highest common divisor of 3465 and u?
99
Let x(h) = 6*h - 5. Let m be x(7). Suppose -3*k = -247 + m. What is the highest common factor of k and 28?
14
Let j(p) = 6*p**3 - 3*p - 2. Let t be j(-1). Let m be (-1)/(-1) + -6 + (-90)/t. Calculate the highest common divisor of 65 and m.
13
Suppose 0 = 32*f - 22998 + 3222. What is the greatest common divisor of 721 and f?
103
Suppose 3*b - 14 + 2 = 0. Let